 first derivative of -21*c**2/2 - 248*c + 8028. Give k(-12).
4
Suppose -4*x - 6 = -2. Let q(w) be the first derivative of 23*w**4/4 + w**2/2 + w - 1108. Determine q(x).
-23
Let t(j) = -8*j + 62. Let v(k) = 24. Let d(f) = t(f) - 2*v(f). What is d(6)?
-34
Let t(r) be the second derivative of r**4/12 + r**3/3 - r**2 + 1042*r. What is t(0)?
-2
Let a(q) be the first derivative of q**2/2 - q + 3362. Give a(-8).
-9
Let o(a) = a**2 - 5*a + 3. Let h(v) = v + 5*v - 6*v + 13 - v. Let l be h(6). What is o(l)?
17
Let c(u) = 7*u**3 + 6*u**2 - 113*u + 2. Let p(n) = n**3 + 2*n**2 - 12*n - 1. Let h(a) = -c(a) + 6*p(a). Give h(10).
2
Let b(p) = -p**2 + 8*p + 13. Let h(m) = m**2 - 8*m - 12. Let f(q) = 2*b(q) + 3*h(q). Let k be ((-4 - -7) + 2 - 11) + 16. Calculate f(k).
10
Let q(d) = d + 9. Let t(x) = 2*x + 10. Suppose 7*v = -57 - 335. Let h = v + 53. Let c(r) = h*q(r) + 2*t(r). Calculate c(3).
-4
Let v(g) = g - 11. Let h = 35 + -30. Suppose 20 = -h*j + 310. Let w = j + -58. Give v(w).
-11
Let g(f) = -13*f**2 - 7*f**2 + 43*f**2 - 6*f**2 - 2*f**2 - 12 - 16*f**2. Suppose 4 + 1 = 3*d + y, 0 = -4*d + 5*y - 25. Determine g(d).
-12
Let o(y) = -271*y - 95. Let x(z) = 109*z + 47. Let g(a) = 2*o(a) + 5*x(a). What is g(-26)?
-33
Let j(f) = 4*f + 321. Let p(v) = -5*v - 242. Let t(n) = -3*j(n) - 4*p(n). Determine t(-1).
-3
Let o = 6232 + -6208. Let m(u) = u - 2. What is m(o)?
22
Suppose 90*c = 49*c + 61*c + 140. Let h(o) = -6*o - o + 0*o**3 + o**3 - 10 + 6*o**2. Give h(c).
-10
Let o(k) = k**3 - 4*k**2 - 4*k + 3. Let c(y) = y**3 + 17*y**2 - 7*y - 41. Let m be c(-17). Suppose -4*j + 98 = m. Calculate o(j).
8
Let o = 7327 + -7342. Let w(z) = z**2 - 4 + 35*z - 17 - 21*z. Calculate w(o).
-6
Let g(t) = -t**3 + 3*t**2 - t + 12. Let n be ((-52)/8 - -6)*(-80)/10. Determine g(n).
-8
Let b(d) be the second derivative of -d**5/20 + d**4/2 - 5*d**3/6 - d**2 - 158*d. Let j(t) = t**2 + 1. Let a be j(-2). What is b(a)?
-2
Let r(d) = -d**3 + 7*d**2 - 2*d - 8. Suppose -q + 4*l = -6*q - 333, 0 = 2*l + 4. Let p = q + 66. Let a be 3 + (5 - p) + -1 + 0. Calculate r(a).
16
Let b(j) = 12*j + 11. Let s(f) = 23*f + 20. Let o(h) = 11*b(h) - 6*s(h). Suppose 16 = 6*z + 142. Let y = 20 + z. Determine o(y).
7
Let g be (-301)/28 + (10 - 328/160*5). Let n(v) be the first derivative of -v**4/4 - 10*v**3/3 + 5*v**2 + 4*v - 2. What is n(g)?
15
Suppose 5*k = -4*p + 305, -6*p + 5*k = -9*p + 235. Let x(m) = m**2 - 72*m + 149. Calculate x(p).
9
Suppose -2*h - 2 = -2*l + 24, 4*h = -l - 7. Suppose 5*d = l*d - 20. Suppose -m - 2*u = -1, 55 - 18 = -d*m + 4*u. Let t(c) = 3*c + 7. Determine t(m).
-8
Let q = -278 + 265. Let z(t) = -t**3 - 12*t**2 + 15*t + 21. Let u be z(q). Let y(s) = s**2 + 3*s - 7. Determine y(u).
3
Let p(m) be the first derivative of 8*m**3/3 + 3*m**2/2 - 10*m + 5495. Calculate p(-3).
53
Let z(h) be the second derivative of -h**5/20 + 13*h**4/12 + 5*h**3/2 - 17*h**2/2 - 64*h. Let d = -69 - -83. Give z(d).
-3
Let q(t) = -4*t + 1. Let r be (4 + -6)/(2/(-59)). Let n = -112 + r. Let f = n + 55. Determine q(f).
-7
Suppose 2*m = -m + 15. Let d(y) = 2*y**2 - 9*y + 22. Let k be d(m). Let c(t) = 13*t - 2 + t**2 - k*t + 16*t - 2. Determine c(-4).
4
Let a(u) be the second derivative of 2*u + 1/6*u**3 + 1/20*u**5 + 38 - 1/12*u**4 - 1/2*u**2. Calculate a(3).
20
Let m = 41 + -36. Suppose 2 = -2*w + m*b - 2, -5*w = -5*b - 5. Let u(o) = -2 - 2*o**3 + 3*o**3 + 0*o**w - 1 - 2*o**2. Calculate u(3).
6
Let f(q) = 2*q**3 + 13*q**2 + 5*q - 2. Let z(j) = -j**3 - 6*j**2 - 2*j + 1. Suppose i + 6 = -7. Let k = i + 15. Let t(n) = k*f(n) + 5*z(n). Give t(-3).
-8
Suppose -d - 4*w = 391 - 350, 2*w - 73 = 5*d. Let h(n) be the first derivative of n**3/3 + 9*n**2 + 16*n + 1. Let y be h(d). Let t(r) = -17*r + 1. Give t(y).
18
Let j(t) = 2 - 157 + 187 - 65*t + 340 + 407. Calculate j(12).
-1
Let s(u) = u**3 - 3*u**2 - 7*u + 10. Let y(n) = -2*n**2 + 33*n + 303. Let k be y(23). What is s(k)?
-2
Let h(a) = 2*a**2 + 22*a - 22. Let w be h(-12). Let g(y) = -99*y + 4*y**2 - y**2 - w*y**2 - 6 + 97*y. What is g(3)?
-3
Let x(l) = -8*l + 51. Let w(n) = -5*n + 25. Let i(a) = -5*w(a) + 3*x(a). Determine i(-12).
16
Let v(g) be the first derivative of 4*g**2 - g + 543. Determine v(3).
23
Let a(u) be the second derivative of -9/2*u**2 + 0 + 16*u + 1/3*u**3. Suppose -15*h - 112 = -247. Determine a(h).
9
Let s = 111 + -101. Let b(f) = 10 + 591*f**3 + s*f**2 - 590*f**3 - 1 + 4*f + 6*f. What is b(-9)?
0
Let h(j) = -j**2 + 7*j + 6. Let b be (31/(-4))/(4/64). Let t = 130 + b. Determine h(t).
12
Let g = -154 + 151. Let l(p) be the third derivative of -p**4/24 - p**3 - 3*p**2. Let t(h) = h + 6. Let d(r) = 6*l(r) + 7*t(r). What is d(g)?
3
Let g = 378 + -396. Let w(f) = 3*f**2 + 54*f - 10. Determine w(g).
-10
Let t(m) = -10 - 77294*m**2 - 7*m + 77293*m**2 + 20*m. Determine t(5).
30
Let v(a) = 23*a**3 - 9*a**2 + 10*a - 3. Let h(b) = -25*b**3 + 10*b**2 - 11*b + 3. Let p(t) = 9*h(t) + 10*v(t). Calculate p(2).
39
Let j(u) be the first derivative of -u**4/24 - 2*u**2 + 8*u + 10. Let n(y) be the second derivative of j(y). Determine n(-6).
6
Let d(p) = p**2 + 7*p + 12. Suppose 2*s - 5*c - 33 = 0, 4*s + 4 = -c + 37. Suppose -4*r = 0, -s - 6 = 3*v + 4*r. Determine d(v).
2
Let c(y) = 5*y - 3. Let i(j) = -j**2 - 15*j + 1. Suppose 5*r - 6*u + 2*u = -24, u = 5*r + 36. Let n be i(r). Let p = n + -54. Determine c(p).
12
Let z(s) = s**3 - 12*s**2 + 3*s + 5. Let x be 3/2*9 + 14*120/(-1120). Give z(x).
41
Let y(l) = -23*l - 251. Let u be y(-11). Let d(z) = z - 10 + 4 - u. Give d(13).
5
Let g(x) = -2*x**2 - 2*x + 51 + 0*x - 53. Let s(t) = 9*t**2 + 11*t + 5. Let i(m) = -4*g(m) - s(m). Determine i(-3).
3
Let t(w) = -w**3 + 4*w**2 - 8*w - 6. Let x(a) = 83*a - 4976. Let r be x(60). What is t(r)?
-38
Let q(b) be the third derivative of b**3 - 1/120*b**6 + 26*b + 1/15*b**5 + 0 + b**2 + 5/24*b**4. Give q(5).
6
Let r = 111 + -109. Let g(x) = 0*x**r - 20*x - 22 + 32*x - x**2 - 29*x. Determine g(-15).
8
Let z(v) be the second derivative of v**4/12 - 13*v**3/6 + 43*v**2/2 - 1842*v. Calculate z(8).
3
Let c(u) = -3*u**3 + 2*u**2 + u + 3. Let k = 6942 - 6939. Calculate c(k).
-57
Let h be -1*-50*1/((-2)/(-13)). Let r(m) = h + 337 - 681 - m**3 - m. What is r(0)?
-19
Let k(c) be the third derivative of c**6/120 + c**5/60 - c**3/2 - 39*c**2. Let a = -50 - -56. Let j be (-10)/(-15) - 4/a. Give k(j).
-3
Let y(j) = 5*j**2 + 35*j - 56*j + 27*j - j**3 + 5. Let l(k) = -2*k + 1. Let h be l(-1). Suppose -z - h = -9. Give y(z).
5
Let w(g) be the third derivative of g**5/60 - g**4/24 - g**3/6 - g**2 - 36. Let o be w(3). Let a(z) = -z**2 + 3*z + 1. Calculate a(o).
-9
Let z = -7513 - -7507. Let r(t) = 5*t - 4 + 3*t - 2*t + t**2 - t. Calculate r(z).
2
Let a = 178 + -164. Suppose 5*w - a = 11. Let h(f) be the second derivative of f**4/12 - f**3/2 - 3*f**2/2 - f. Calculate h(w).
7
Let l(b) = -2*b + 4. Suppose -7*s + 31 = 10. Suppose -12 = -s*t, 2*i = -11*t + 16*t - 10. Determine l(i).
-6
Let y(g) = -g**3 + 2*g**2 + 33*g + 7. Let p be y(0). Let f(t) = -2*t + 24. Determine f(p).
10
Let t(u) = -180*u + 2370. Let y be t(13). Let o(l) = -l + 36. Calculate o(y).
6
Let v(m) be the third derivative of -m**4/8 + 29*m**3/2 - 23*m**2 - m - 75. Calculate v(30).
-3
Let y(i) = i**3 - 6*i**2 + 6*i - 3. Suppose 3 - 18 = -3*g. Let l = g - 4. Suppose 0 = -n - 3, 0*w - 2*w - l = 3*n. Calculate y(w).
-11
Let g(p) = 3*p**2 - 1 + p - 4*p**2 + 3*p**2 + p**2. Let q(w) = 13*w**3 - 2*w**2 + 4*w - 10. Let n be q(2). Let i = -96 + n. Give g(i).
9
Let b(x) be the first derivative of x**4/4 - 7*x**3/3 + 19*x**2/2 - 47*x - 1218. What is b(5)?
-2
Let j(w) = w**2 + 8*w - 3. Let x be 26/6 + 8/(-24). Suppose 2*n - 12*k + 16 = -14*k, -2*n + x*k = 16. Calculate j(n).
-3
Suppose -5*m = -5*w - 90, 36 = -2*w - 3*m - 0*m. Let h be (-924)/189 + 2/w. Let n(f) = 3*f + 2. Determine n(h).
-13
Let n(v) = -2*v**2 - v - 2*v + 8*v. Suppose 214120 = 38*m + 214044. What is n(m)?
2
Let p(f) = 2*f - 112. Suppose 10*q - 72 = 269 - 11. Determine p(q).
-46
Suppose 0*o - 6 = -2*o, 4*o = -4*y + 4. Let c = y - -4. Let d(h) = c*h**2 + 4 - 4*h**2 - 2*h - 2*h + 2*h + h**3. Give d(3).
7
Let d(f) = f**3 - 13*f**2 - 12*f + 1. Let z = 3310 + -3296. Calculate d(z).
29
Let r(l) = -23*l + 4. Let x be r(0). Let p be x/5*(35/(-7))/(-1). Let n(k) = k. Calculate n(p).
4
Let i = -43